{"id":6010,"date":"2024-08-06T13:30:28","date_gmt":"2024-08-06T13:30:28","guid":{"rendered":"https:\/\/lacarta.co\/?post_type=team&#038;p=6010"},"modified":"2024-10-24T12:33:01","modified_gmt":"2024-10-24T12:33:01","slug":"ivan-la-spada","status":"publish","type":"team","link":"https:\/\/lacarta.co\/es\/cartagena\/team\/ivan-la-spada\/","title":{"rendered":"Ivan la Spada"},"content":{"rendered":"<p><strong>El visionario creativo detr\u00e1s del dise\u00f1o de La Carta<\/strong><\/p>\n<p>Iv\u00e1n La Spada, originario de Argentina, ha aportado su toque internacional y su experiencia creativa a La Carta. Tras trasladarse a Italia para estudiar dise\u00f1o gr\u00e1fico, Iv\u00e1n perfeccion\u00f3 sus habilidades y desarroll\u00f3 una profunda pasi\u00f3n por la narraci\u00f3n visual. Desempe\u00f1\u00f3 un papel fundamental a la hora de dar forma a la estrategia de dise\u00f1o de La Carta, creando el aspecto \u00fanico de la p\u00e1gina web y dirigiendo la est\u00e9tica general de los canales de las redes sociales.<\/p>\n<p>El amor de Iv\u00e1n por el dise\u00f1o s\u00f3lo es comparable a su pasi\u00f3n por los viajes, inspir\u00e1ndose en sus aventuras por todo el mundo para crear im\u00e1genes cautivadoras y din\u00e1micas para La Carta. Su enfoque innovador y su perspectiva global lo convierten en una fuerza clave detr\u00e1s del estilo distintivo y la direcci\u00f3n creativa de la marca.<\/p>","protected":false},"featured_media":5991,"template":"","class_list":["post-6010","team","type-team","status-publish","has-post-thumbnail","hentry"],"acf":[],"_links":{"self":[{"href":"https:\/\/lacarta.co\/es\/wp-json\/wp\/v2\/team\/6010","targetHints":{"allow":["GET"]}}],"collection":[{"href":"https:\/\/lacarta.co\/es\/wp-json\/wp\/v2\/team"}],"about":[{"href":"https:\/\/lacarta.co\/es\/wp-json\/wp\/v2\/types\/team"}],"version-history":[{"count":30,"href":"https:\/\/lacarta.co\/es\/wp-json\/wp\/v2\/team\/6010\/revisions"}],"predecessor-version":[{"id":9274,"href":"https:\/\/lacarta.co\/es\/wp-json\/wp\/v2\/team\/6010\/revisions\/9274"}],"wp:featuredmedia":[{"embeddable":true,"href":"https:\/\/lacarta.co\/es\/wp-json\/wp\/v2\/media\/5991"}],"wp:attachment":[{"href":"https:\/\/lacarta.co\/es\/wp-json\/wp\/v2\/media?parent=6010"}],"curies":[{"name":"wp","href":"https:\/\/api.w.org\/{rel}","templated":true}]}}

<p><strong>El visionario creativo detrás del diseño de La Carta</strong></p>
<p>Iván La Spada, originario de Argentina, ha aportado su toque internacional y su experiencia creativa a La Carta. Tras trasladarse a Italia para estudiar diseño gráfico, Iván perfeccionó sus habilidades y desarrolló una profunda pasión por la narración visual. Desempeñó un papel fundamental a la hora de dar forma a la estrategia de diseño de La Carta, creando el aspecto único de la página web y dirigiendo la estética general de los canales de las redes sociales.</p>
<p>El amor de Iván por el diseño sólo es comparable a su pasión por los viajes, inspirándose en sus aventuras por todo el mundo para crear imágenes cautivadoras y dinámicas para La Carta. Su enfoque innovador y su perspectiva global lo convierten en una fuerza clave detrás del estilo distintivo y la dirección creativa de la marca.</p>
