{"id":5973,"date":"2024-08-06T13:20:49","date_gmt":"2024-08-06T13:20:49","guid":{"rendered":"https:\/\/lacarta.co\/?post_type=team&#038;p=5973"},"modified":"2024-10-24T12:28:38","modified_gmt":"2024-10-24T12:28:38","slug":"cris-morelo-2","status":"publish","type":"team","link":"https:\/\/lacarta.co\/es\/cartagena\/team\/cris-morelo-2\/","title":{"rendered":"Cris Morelo"},"content":{"rendered":"<p>Cris Morelo, el coraz\u00f3n de la escena cultural de Cartagena, nativo de Cartagena, Cris es un actor polifac\u00e9tico, bailar\u00edn e influenciador conocido en toda la ciudad. Ha protagonizado pel\u00edculas como\u00a0<em>Encanto<\/em>Cris tiene facilidad para el arte dram\u00e1tico. Tambi\u00e9n es fundador de\u00a0<em>Epale Cartagena<\/em>una revista afrocolombiana que celebra la vibrante cultura y comunidad de Cartagena. Como apasionado instructor de baile especializado en champeta, Cris lleva la energ\u00eda de este estilo de baile \u00fanico a la gente de toda la ciudad. A menudo se le puede encontrar en el albergue Selina, donde ejerce de embajador de la marca, repartiendo alegr\u00eda y entusiasmo.<\/p>\n<p>Cris fue la primera persona que Miguel incorpor\u00f3 al equipo de La Carta. Atra\u00eddo por la misi\u00f3n y el esp\u00edritu de la revista, vio inmediatamente que encajaba perfectamente con sus propios objetivos y personalidad. Desde que se uni\u00f3 al equipo, Cris ha contribuido a descubrir las mejores escenas de Cartagena y a reclutar a personas con ideas afines que ayuden a compartir las historias de la ciudad. Su pasi\u00f3n por la cultura y la comunidad lo convierten en una piedra angular del equipo de La Carta.<\/p>","protected":false},"featured_media":5954,"template":"","class_list":["post-5973","team","type-team","status-publish","has-post-thumbnail","hentry"],"acf":[],"_links":{"self":[{"href":"https:\/\/lacarta.co\/es\/wp-json\/wp\/v2\/team\/5973","targetHints":{"allow":["GET"]}}],"collection":[{"href":"https:\/\/lacarta.co\/es\/wp-json\/wp\/v2\/team"}],"about":[{"href":"https:\/\/lacarta.co\/es\/wp-json\/wp\/v2\/types\/team"}],"version-history":[{"count":17,"href":"https:\/\/lacarta.co\/es\/wp-json\/wp\/v2\/team\/5973\/revisions"}],"predecessor-version":[{"id":9278,"href":"https:\/\/lacarta.co\/es\/wp-json\/wp\/v2\/team\/5973\/revisions\/9278"}],"wp:featuredmedia":[{"embeddable":true,"href":"https:\/\/lacarta.co\/es\/wp-json\/wp\/v2\/media\/5954"}],"wp:attachment":[{"href":"https:\/\/lacarta.co\/es\/wp-json\/wp\/v2\/media?parent=5973"}],"curies":[{"name":"wp","href":"https:\/\/api.w.org\/{rel}","templated":true}]}}

<p>Cris Morelo, el corazón de la escena cultural de Cartagena, nativo de Cartagena, Cris es un actor polifacético, bailarín e influenciador conocido en toda la ciudad. Ha protagonizado películas como <em>Encanto</em>Cris tiene facilidad para el arte dramático. También es fundador de <em>Epale Cartagena</em>una revista afrocolombiana que celebra la vibrante cultura y comunidad de Cartagena. Como apasionado instructor de baile especializado en champeta, Cris lleva la energía de este estilo de baile único a la gente de toda la ciudad. A menudo se le puede encontrar en el albergue Selina, donde ejerce de embajador de la marca, repartiendo alegría y entusiasmo.</p>
<p>Cris fue la primera persona que Miguel incorporó al equipo de La Carta. Atraído por la misión y el espíritu de la revista, vio inmediatamente que encajaba perfectamente con sus propios objetivos y personalidad. Desde que se unió al equipo, Cris ha contribuido a descubrir las mejores escenas de Cartagena y a reclutar a personas con ideas afines que ayuden a compartir las historias de la ciudad. Su pasión por la cultura y la comunidad lo convierten en una piedra angular del equipo de La Carta.</p>
