{"id":13826,"date":"2024-10-14T17:21:34","date_gmt":"2024-10-14T17:21:34","guid":{"rendered":"https:\/\/lacarta.co\/?post_type=real_estates&#038;p=13826"},"modified":"2024-10-14T17:25:46","modified_gmt":"2024-10-14T17:25:46","slug":"house-for-sale-in-pie-de-la-popa","status":"publish","type":"real_estates","link":"https:\/\/lacarta.co\/es\/cartagena\/real-estates\/casa-en-venta-en-pie-de-la-popa\/","title":{"rendered":"Casa en venta en Pie de la Popa"},"content":{"rendered":"<ul>\n<li>Casa de dos plantas en venta en un complejo residencial en el tradicional barrio de Pie de la Popa.<\/li>\n<li>Cerca de centros comerciales, iglesias, cl\u00ednicas, parques, y con f\u00e1cil acceso a las principales carreteras y el transporte p\u00fablico.<\/li>\n<li>Superficie construida: 131 m\u00b2.<\/li>\n<li>Vigilancia las 24 horas.<\/li>\n<li>A\u00f1o de construcci\u00f3n: 2021.<\/li>\n<li>S\u00f3tano.<\/li>\n<li>Primer nivel: Terraza, sala, ba\u00f1o social y patio interno.<\/li>\n<li>Balc\u00f3n.<\/li>\n<li>Cocina integral con gas natural.<\/li>\n<li>Cuarto de servicio y ba\u00f1o.<\/li>\n<li>Aparcamiento, dep\u00f3sito, jard\u00edn y seguridad privada.<\/li>\n<li>Cerca de colegios y supermercados\/centros comerciales.<\/li>\n<li>Estrato: 4.<\/li>\n<\/ul>","protected":false},"featured_media":13827,"template":"","meta":{"_acf_changed":false,"content-type":"","rank_math_lock_modified_date":false,"_glsr_average":0,"_glsr_ranking":0,"_glsr_reviews":0},"class_list":["post-13826","real_estates","type-real_estates","status-publish","has-post-thumbnail","hentry","real_estate-buy","real_estate-homes-buy"],"acf":{"photo_gallery":{"real_estate_images":[[]]}},"_links":{"self":[{"href":"https:\/\/lacarta.co\/es\/wp-json\/wp\/v2\/real_estates\/13826","targetHints":{"allow":["GET"]}}],"collection":[{"href":"https:\/\/lacarta.co\/es\/wp-json\/wp\/v2\/real_estates"}],"about":[{"href":"https:\/\/lacarta.co\/es\/wp-json\/wp\/v2\/types\/real_estates"}],"version-history":[{"count":0,"href":"https:\/\/lacarta.co\/es\/wp-json\/wp\/v2\/real_estates\/13826\/revisions"}],"wp:featuredmedia":[{"embeddable":true,"href":"https:\/\/lacarta.co\/es\/wp-json\/wp\/v2\/media\/13827"}],"wp:attachment":[{"href":"https:\/\/lacarta.co\/es\/wp-json\/wp\/v2\/media?parent=13826"}],"curies":[{"name":"wp","href":"https:\/\/api.w.org\/{rel}","templated":true}]}}

<ul>
<li>Casa de dos plantas en venta en un complejo residencial en el tradicional barrio de Pie de la Popa.</li>
<li>Cerca de centros comerciales, iglesias, clínicas, parques, y con fácil acceso a las principales carreteras y el transporte público.</li>
<li>Superficie construida: 131 m².</li>
<li>Vigilancia las 24 horas.</li>
<li>Año de construcción: 2021.</li>
<li>Sótano.</li>
<li>Primer nivel: Terraza, sala, baño social y patio interno.</li>
<li>Balcón.</li>
<li>Cocina integral con gas natural.</li>
<li>Cuarto de servicio y baño.</li>
<li>Aparcamiento, depósito, jardín y seguridad privada.</li>
<li>Cerca de colegios y supermercados/centros comerciales.</li>
<li>Estrato: 4.</li>
</ul>
