{"id":13483,"date":"2024-10-10T16:23:07","date_gmt":"2024-10-10T16:23:07","guid":{"rendered":"https:\/\/lacarta.co\/?post_type=event&#038;p=13483"},"modified":"2024-10-10T16:23:07","modified_gmt":"2024-10-10T16:23:07","slug":"history-of-coffee-and-preparation-masterclass","status":"publish","type":"event","link":"https:\/\/lacarta.co\/es\/cartagena\/event\/historia-del-cafe-y-masterclass-de-preparacion\/","title":{"rendered":"Historia del caf\u00e9 y clase magistral de preparaci\u00f3n"},"content":{"rendered":"<figure id=\"attachment_13470\" aria-describedby=\"caption-attachment-13470\" style=\"width: 471px\" class=\"wp-caption alignnone\"><img fetchpriority=\"high\" decoding=\"async\" class=\"wp-image-13470\" src=\"https:\/\/lacarta.co\/wp-content\/uploads\/2024\/10\/Cartagena-coffee-tour-300x251.png\" alt=\"Historia del caf\u00e9 y clase magistral de preparaci\u00f3n\" width=\"471\" height=\"394\" srcset=\"https:\/\/lacarta.co\/wp-content\/uploads\/2024\/10\/Cartagena-coffee-tour-300x251.png 300w, https:\/\/lacarta.co\/wp-content\/uploads\/2024\/10\/Cartagena-coffee-tour-768x644.png 768w, https:\/\/lacarta.co\/wp-content\/uploads\/2024\/10\/Cartagena-coffee-tour-14x12.png 14w, https:\/\/lacarta.co\/wp-content\/uploads\/2024\/10\/Cartagena-coffee-tour.png 940w\" sizes=\"(max-width: 471px) 100vw, 471px\" \/><figcaption id=\"caption-attachment-13470\" class=\"wp-caption-text\">\u00danase a esta clase magistral sobre la historia del caf\u00e9 y su preparaci\u00f3n para descubrir los or\u00edgenes del caf\u00e9 y su trayectoria mundial. Aprenda t\u00e9cnicas expertas de preparaci\u00f3n y sum\u00e9rjase en la rica herencia y los sabores de esta bebida tan apreciada.<\/figcaption><\/figure>","protected":false},"featured_media":13470,"template":"","class_list":["post-13483","event","type-event","status-publish","has-post-thumbnail","hentry"],"acf":[],"_links":{"self":[{"href":"https:\/\/lacarta.co\/es\/wp-json\/wp\/v2\/event\/13483","targetHints":{"allow":["GET"]}}],"collection":[{"href":"https:\/\/lacarta.co\/es\/wp-json\/wp\/v2\/event"}],"about":[{"href":"https:\/\/lacarta.co\/es\/wp-json\/wp\/v2\/types\/event"}],"version-history":[{"count":2,"href":"https:\/\/lacarta.co\/es\/wp-json\/wp\/v2\/event\/13483\/revisions"}],"predecessor-version":[{"id":13525,"href":"https:\/\/lacarta.co\/es\/wp-json\/wp\/v2\/event\/13483\/revisions\/13525"}],"wp:featuredmedia":[{"embeddable":true,"href":"https:\/\/lacarta.co\/es\/wp-json\/wp\/v2\/media\/13470"}],"wp:attachment":[{"href":"https:\/\/lacarta.co\/es\/wp-json\/wp\/v2\/media?parent=13483"}],"curies":[{"name":"wp","href":"https:\/\/api.w.org\/{rel}","templated":true}]}}

Historia del café y clase magistral de preparación

<figure id="attachment_13470" aria-describedby="caption-attachment-13470" style="width: 471px" class="wp-caption alignnone"><img fetchpriority="high" decoding="async" class="wp-image-13470" src="https://lacarta.co/wp-content/uploads/2024/10/Cartagena-coffee-tour-300x251.png" alt="Historia del café y clase magistral de preparación" width="471" height="394" srcset="https://lacarta.co/wp-content/uploads/2024/10/Cartagena-coffee-tour-300x251.png 300w, https://lacarta.co/wp-content/uploads/2024/10/Cartagena-coffee-tour-768x644.png 768w, https://lacarta.co/wp-content/uploads/2024/10/Cartagena-coffee-tour-14x12.png 14w, https://lacarta.co/wp-content/uploads/2024/10/Cartagena-coffee-tour.png 940w" sizes="(max-width: 471px) 100vw, 471px" /><figcaption id="caption-attachment-13470" class="wp-caption-text">Únase a esta clase magistral sobre la historia del café y su preparación para descubrir los orígenes del café y su trayectoria mundial. Aprenda técnicas expertas de preparación y sumérjase en la rica herencia y los sabores de esta bebida tan apreciada.</figcaption></figure>
