{"id":13464,"date":"2024-10-10T16:14:12","date_gmt":"2024-10-10T16:14:12","guid":{"rendered":"https:\/\/lacarta.co\/?post_type=event&#038;p=13464"},"modified":"2024-10-10T16:26:56","modified_gmt":"2024-10-10T16:26:56","slug":"cartagena-art-tour","status":"publish","type":"event","link":"https:\/\/lacarta.co\/es\/cartagena\/event\/tour-de-arte-de-cartagena\/","title":{"rendered":"Cartagena Art Tour"},"content":{"rendered":"<figure id=\"attachment_13465\" aria-describedby=\"caption-attachment-13465\" style=\"width: 535px\" class=\"wp-caption alignnone\"><img fetchpriority=\"high\" decoding=\"async\" class=\"wp-image-13465\" src=\"https:\/\/lacarta.co\/wp-content\/uploads\/2024\/10\/Cartagena-art-tour-300x251.png\" alt=\"Visita art\u00edstica a Cartagena\" width=\"535\" height=\"448\" srcset=\"https:\/\/lacarta.co\/wp-content\/uploads\/2024\/10\/Cartagena-art-tour-300x251.png 300w, https:\/\/lacarta.co\/wp-content\/uploads\/2024\/10\/Cartagena-art-tour-768x644.png 768w, https:\/\/lacarta.co\/wp-content\/uploads\/2024\/10\/Cartagena-art-tour-14x12.png 14w, https:\/\/lacarta.co\/wp-content\/uploads\/2024\/10\/Cartagena-art-tour.png 940w\" sizes=\"(max-width: 535px) 100vw, 535px\" \/><figcaption id=\"caption-attachment-13465\" class=\"wp-caption-text\">Descubra la vibrante escena art\u00edstica de Cartagena a trav\u00e9s de esta inmersiva excursi\u00f3n art\u00edstica por Cartagena. Desde coloridos murales callejeros hasta galer\u00edas contempor\u00e1neas, experimenta las ricas expresiones culturales que definen la identidad art\u00edstica de la ciudad...<\/figcaption><\/figure>","protected":false},"featured_media":13465,"template":"","class_list":["post-13464","event","type-event","status-publish","has-post-thumbnail","hentry"],"acf":[],"_links":{"self":[{"href":"https:\/\/lacarta.co\/es\/wp-json\/wp\/v2\/event\/13464","targetHints":{"allow":["GET"]}}],"collection":[{"href":"https:\/\/lacarta.co\/es\/wp-json\/wp\/v2\/event"}],"about":[{"href":"https:\/\/lacarta.co\/es\/wp-json\/wp\/v2\/types\/event"}],"version-history":[{"count":2,"href":"https:\/\/lacarta.co\/es\/wp-json\/wp\/v2\/event\/13464\/revisions"}],"predecessor-version":[{"id":13493,"href":"https:\/\/lacarta.co\/es\/wp-json\/wp\/v2\/event\/13464\/revisions\/13493"}],"wp:featuredmedia":[{"embeddable":true,"href":"https:\/\/lacarta.co\/es\/wp-json\/wp\/v2\/media\/13465"}],"wp:attachment":[{"href":"https:\/\/lacarta.co\/es\/wp-json\/wp\/v2\/media?parent=13464"}],"curies":[{"name":"wp","href":"https:\/\/api.w.org\/{rel}","templated":true}]}}

<figure id="attachment_13465" aria-describedby="caption-attachment-13465" style="width: 535px" class="wp-caption alignnone"><img fetchpriority="high" decoding="async" class="wp-image-13465" src="https://lacarta.co/wp-content/uploads/2024/10/Cartagena-art-tour-300x251.png" alt="Visita artística a Cartagena" width="535" height="448" srcset="https://lacarta.co/wp-content/uploads/2024/10/Cartagena-art-tour-300x251.png 300w, https://lacarta.co/wp-content/uploads/2024/10/Cartagena-art-tour-768x644.png 768w, https://lacarta.co/wp-content/uploads/2024/10/Cartagena-art-tour-14x12.png 14w, https://lacarta.co/wp-content/uploads/2024/10/Cartagena-art-tour.png 940w" sizes="(max-width: 535px) 100vw, 535px" /><figcaption id="caption-attachment-13465" class="wp-caption-text">Descubra la vibrante escena artística de Cartagena a través de esta inmersiva excursión artística por Cartagena. Desde coloridos murales callejeros hasta galerías contemporáneas, experimenta las ricas expresiones culturales que definen la identidad artística de la ciudad...</figcaption></figure>
