{"id":11701,"date":"2024-09-26T14:57:38","date_gmt":"2024-09-26T14:57:38","guid":{"rendered":"https:\/\/lacarta.co\/?post_type=event&#038;p=11701"},"modified":"2024-10-08T02:05:10","modified_gmt":"2024-10-08T02:05:10","slug":"semana-santa-holy-week","status":"publish","type":"event","link":"https:\/\/lacarta.co\/es\/cartagena\/event\/semana-santa-semana-santa\/","title":{"rendered":"Semana Santa"},"content":{"rendered":"<figure id=\"attachment_11711\" aria-describedby=\"caption-attachment-11711\" style=\"width: 816px\" class=\"wp-caption alignnone\"><img fetchpriority=\"high\" decoding=\"async\" class=\"wp-image-11711\" src=\"https:\/\/lacarta.co\/wp-content\/uploads\/2024\/09\/7-1-300x251.png\" alt=\"Semana Santa en Cartagena\" width=\"816\" height=\"683\" srcset=\"https:\/\/lacarta.co\/wp-content\/uploads\/2024\/09\/7-1-300x251.png 300w, https:\/\/lacarta.co\/wp-content\/uploads\/2024\/09\/7-1-768x644.png 768w, https:\/\/lacarta.co\/wp-content\/uploads\/2024\/09\/7-1-14x12.png 14w, https:\/\/lacarta.co\/wp-content\/uploads\/2024\/09\/7-1.png 940w\" sizes=\"(max-width: 816px) 100vw, 816px\" \/><figcaption id=\"caption-attachment-11711\" class=\"wp-caption-text\">Es la semana m\u00e1s larga del a\u00f1o, diez d\u00edas de procesiones que se extienden desde el Viernes de Dolores hasta el Domingo de Resurrecci\u00f3n.<\/figcaption><\/figure>","protected":false},"featured_media":11711,"template":"","class_list":["post-11701","event","type-event","status-publish","has-post-thumbnail","hentry"],"acf":[],"_links":{"self":[{"href":"https:\/\/lacarta.co\/es\/wp-json\/wp\/v2\/event\/11701","targetHints":{"allow":["GET"]}}],"collection":[{"href":"https:\/\/lacarta.co\/es\/wp-json\/wp\/v2\/event"}],"about":[{"href":"https:\/\/lacarta.co\/es\/wp-json\/wp\/v2\/types\/event"}],"version-history":[{"count":4,"href":"https:\/\/lacarta.co\/es\/wp-json\/wp\/v2\/event\/11701\/revisions"}],"predecessor-version":[{"id":13036,"href":"https:\/\/lacarta.co\/es\/wp-json\/wp\/v2\/event\/11701\/revisions\/13036"}],"wp:featuredmedia":[{"embeddable":true,"href":"https:\/\/lacarta.co\/es\/wp-json\/wp\/v2\/media\/11711"}],"wp:attachment":[{"href":"https:\/\/lacarta.co\/es\/wp-json\/wp\/v2\/media?parent=11701"}],"curies":[{"name":"wp","href":"https:\/\/api.w.org\/{rel}","templated":true}]}}

<figure id="attachment_11711" aria-describedby="caption-attachment-11711" style="width: 816px" class="wp-caption alignnone"><img fetchpriority="high" decoding="async" class="wp-image-11711" src="https://lacarta.co/wp-content/uploads/2024/09/7-1-300x251.png" alt="Semana Santa en Cartagena" width="816" height="683" srcset="https://lacarta.co/wp-content/uploads/2024/09/7-1-300x251.png 300w, https://lacarta.co/wp-content/uploads/2024/09/7-1-768x644.png 768w, https://lacarta.co/wp-content/uploads/2024/09/7-1-14x12.png 14w, https://lacarta.co/wp-content/uploads/2024/09/7-1.png 940w" sizes="(max-width: 816px) 100vw, 816px" /><figcaption id="caption-attachment-11711" class="wp-caption-text">Es la semana más larga del año, diez días de procesiones que se extienden desde el Viernes de Dolores hasta el Domingo de Resurrección.</figcaption></figure>
