{"id":11686,"date":"2024-09-26T14:19:08","date_gmt":"2024-09-26T14:19:08","guid":{"rendered":"https:\/\/lacarta.co\/?post_type=event&#038;p=11686"},"modified":"2024-10-08T01:38:08","modified_gmt":"2024-10-08T01:38:08","slug":"feria-de-la-candelaria","status":"publish","type":"event","link":"https:\/\/lacarta.co\/es\/cartagena\/event\/feria-de-la-candelaria\/","title":{"rendered":"Feria de la candelaria"},"content":{"rendered":"<figure id=\"attachment_11687\" aria-describedby=\"caption-attachment-11687\" style=\"width: 815px\" class=\"wp-caption alignnone\"><img fetchpriority=\"high\" decoding=\"async\" class=\"wp-image-11687\" src=\"https:\/\/lacarta.co\/wp-content\/uploads\/2024\/09\/4-1-300x251.png\" alt=\"Feria de la Candelaria\" width=\"815\" height=\"682\" srcset=\"https:\/\/lacarta.co\/wp-content\/uploads\/2024\/09\/4-1-300x251.png 300w, https:\/\/lacarta.co\/wp-content\/uploads\/2024\/09\/4-1-768x644.png 768w, https:\/\/lacarta.co\/wp-content\/uploads\/2024\/09\/4-1-14x12.png 14w, https:\/\/lacarta.co\/wp-content\/uploads\/2024\/09\/4-1.png 940w\" sizes=\"(max-width: 815px) 100vw, 815px\" \/><figcaption id=\"caption-attachment-11687\" class=\"wp-caption-text\">Este s\u00edmbolo de la fe cristiana, tambi\u00e9n conocida como la \"Virgen Morena\", ocupa el lugar m\u00e1s importante del hermoso templo del convento del Cerro de La Popa, desde donde parte o desciende en procesi\u00f3n hasta la iglesia del barrio de la Ermita del Pie de La Popa, acompa\u00f1ada por cientos de feligreses que, desfilando a su lado con c\u00e1nticos y oraciones, le agradecen los milagros recibidos.<\/figcaption><\/figure>","protected":false},"featured_media":11687,"template":"","class_list":["post-11686","event","type-event","status-publish","has-post-thumbnail","hentry"],"acf":[],"_links":{"self":[{"href":"https:\/\/lacarta.co\/es\/wp-json\/wp\/v2\/event\/11686","targetHints":{"allow":["GET"]}}],"collection":[{"href":"https:\/\/lacarta.co\/es\/wp-json\/wp\/v2\/event"}],"about":[{"href":"https:\/\/lacarta.co\/es\/wp-json\/wp\/v2\/types\/event"}],"version-history":[{"count":6,"href":"https:\/\/lacarta.co\/es\/wp-json\/wp\/v2\/event\/11686\/revisions"}],"predecessor-version":[{"id":13032,"href":"https:\/\/lacarta.co\/es\/wp-json\/wp\/v2\/event\/11686\/revisions\/13032"}],"wp:featuredmedia":[{"embeddable":true,"href":"https:\/\/lacarta.co\/es\/wp-json\/wp\/v2\/media\/11687"}],"wp:attachment":[{"href":"https:\/\/lacarta.co\/es\/wp-json\/wp\/v2\/media?parent=11686"}],"curies":[{"name":"wp","href":"https:\/\/api.w.org\/{rel}","templated":true}]}}

<figure id="attachment_11687" aria-describedby="caption-attachment-11687" style="width: 815px" class="wp-caption alignnone"><img fetchpriority="high" decoding="async" class="wp-image-11687" src="https://lacarta.co/wp-content/uploads/2024/09/4-1-300x251.png" alt="Feria de la Candelaria" width="815" height="682" srcset="https://lacarta.co/wp-content/uploads/2024/09/4-1-300x251.png 300w, https://lacarta.co/wp-content/uploads/2024/09/4-1-768x644.png 768w, https://lacarta.co/wp-content/uploads/2024/09/4-1-14x12.png 14w, https://lacarta.co/wp-content/uploads/2024/09/4-1.png 940w" sizes="(max-width: 815px) 100vw, 815px" /><figcaption id="caption-attachment-11687" class="wp-caption-text">Este símbolo de la fe cristiana, también conocida como la "Virgen Morena", ocupa el lugar más importante del hermoso templo del convento del Cerro de La Popa, desde donde parte o desciende en procesión hasta la iglesia del barrio de la Ermita del Pie de La Popa, acompañada por cientos de feligreses que, desfilando a su lado con cánticos y oraciones, le agradecen los milagros recibidos.</figcaption></figure>
