{"id":11631,"date":"2024-09-26T14:05:53","date_gmt":"2024-09-26T14:05:53","guid":{"rendered":"https:\/\/lacarta.co\/?post_type=event&#038;p=11631"},"modified":"2024-10-08T01:45:36","modified_gmt":"2024-10-08T01:45:36","slug":"cartagena-international-music-festival-2","status":"publish","type":"event","link":"https:\/\/lacarta.co\/es\/cartagena\/event\/festival-internacional-de-musica-de-cartagena-2\/","title":{"rendered":"\"Festival de M\u00fasica \"Canto del Mar"},"content":{"rendered":"<figure id=\"attachment_11959\" aria-describedby=\"caption-attachment-11959\" style=\"width: 731px\" class=\"wp-caption alignnone\"><img fetchpriority=\"high\" decoding=\"async\" class=\"wp-image-11959\" src=\"https:\/\/lacarta.co\/wp-content\/uploads\/2024\/09\/Untitled-Facebook-Post-300x251.png\" alt=\"Festival Internacional de M\u00fasica Cl\u00e1sica de Cartagena\" width=\"731\" height=\"612\" srcset=\"https:\/\/lacarta.co\/wp-content\/uploads\/2024\/09\/Untitled-Facebook-Post-300x251.png 300w, https:\/\/lacarta.co\/wp-content\/uploads\/2024\/09\/Untitled-Facebook-Post-768x644.png 768w, https:\/\/lacarta.co\/wp-content\/uploads\/2024\/09\/Untitled-Facebook-Post-14x12.png 14w, https:\/\/lacarta.co\/wp-content\/uploads\/2024\/09\/Untitled-Facebook-Post.png 940w\" sizes=\"(max-width: 731px) 100vw, 731px\" \/><figcaption id=\"caption-attachment-11959\" class=\"wp-caption-text\">El prop\u00f3sito del Festival de M\u00fasica \"Canto del Mar\" es motivar transformaciones sociales positivas y promover la formaci\u00f3n y el perfeccionamiento art\u00edstico de orquestas, bandas, coros y solistas colombianos, en su mayor\u00eda j\u00f3venes.<\/figcaption><\/figure>","protected":false},"featured_media":11644,"template":"","class_list":["post-11631","event","type-event","status-publish","has-post-thumbnail","hentry"],"acf":[],"_links":{"self":[{"href":"https:\/\/lacarta.co\/es\/wp-json\/wp\/v2\/event\/11631","targetHints":{"allow":["GET"]}}],"collection":[{"href":"https:\/\/lacarta.co\/es\/wp-json\/wp\/v2\/event"}],"about":[{"href":"https:\/\/lacarta.co\/es\/wp-json\/wp\/v2\/types\/event"}],"version-history":[{"count":5,"href":"https:\/\/lacarta.co\/es\/wp-json\/wp\/v2\/event\/11631\/revisions"}],"predecessor-version":[{"id":13033,"href":"https:\/\/lacarta.co\/es\/wp-json\/wp\/v2\/event\/11631\/revisions\/13033"}],"wp:featuredmedia":[{"embeddable":true,"href":"https:\/\/lacarta.co\/es\/wp-json\/wp\/v2\/media\/11644"}],"wp:attachment":[{"href":"https:\/\/lacarta.co\/es\/wp-json\/wp\/v2\/media?parent=11631"}],"curies":[{"name":"wp","href":"https:\/\/api.w.org\/{rel}","templated":true}]}}

"Festival de Música "Canto del Mar

<figure id="attachment_11959" aria-describedby="caption-attachment-11959" style="width: 731px" class="wp-caption alignnone"><img fetchpriority="high" decoding="async" class="wp-image-11959" src="https://lacarta.co/wp-content/uploads/2024/09/Untitled-Facebook-Post-300x251.png" alt="Festival Internacional de Música Clásica de Cartagena" width="731" height="612" srcset="https://lacarta.co/wp-content/uploads/2024/09/Untitled-Facebook-Post-300x251.png 300w, https://lacarta.co/wp-content/uploads/2024/09/Untitled-Facebook-Post-768x644.png 768w, https://lacarta.co/wp-content/uploads/2024/09/Untitled-Facebook-Post-14x12.png 14w, https://lacarta.co/wp-content/uploads/2024/09/Untitled-Facebook-Post.png 940w" sizes="(max-width: 731px) 100vw, 731px" /><figcaption id="caption-attachment-11959" class="wp-caption-text">El propósito del Festival de Música "Canto del Mar" es motivar transformaciones sociales positivas y promover la formación y el perfeccionamiento artístico de orquestas, bandas, coros y solistas colombianos, en su mayoría jóvenes.</figcaption></figure>
